digit of z?
8
Let w(i) = i**2 + 18. Suppose 2*q + 20 = 7*q. Suppose 0 = -4*r - 3*f + 15, q*f = 6*r - r + 20. What is the units digit of w(r)?
8
Suppose 9 - 129 = 5*i. Let f = i + 64. What is the tens digit of f?
4
Let f(z) = 2*z + 7. What is the units digit of f(4)?
5
Suppose -136 = -3*p + 140. What is the units digit of p?
2
Let z = -7 + 14. Let r(a) = 2*a - 10. Let g be r(z). Suppose -37 = -g*i - 3*t, t + t = 6. What is the units digit of i?
7
Let r(h) = -4*h**3 + 13 + 5*h**3 + 0*h**3 - h + h**2. What is the tens digit of r(0)?
1
Let r = -30 - -63. What is the units digit of r?
3
Let f(u) = -u - 10. Let c be f(-13). Suppose 121 = 5*y + 2*z - 0*z, -c*y + 3*z = -60. What is the tens digit of y?
2
Suppose -2*l + 2 = -4. Let d be 2/((l/(-6))/(-1)). Suppose r = d + 4. What is the units digit of r?
8
Let w = 100 + -50. What is the tens digit of w?
5
Let n(g) = -5*g**2 + 0*g**2 + 4*g**2 + 1. Let m be n(1). Suppose -5*y + 35 + 10 = m. What is the units digit of y?
9
Let h(j) be the third derivative of j**5/60 - j**3/6 + 3*j**2. What is the units digit of h(-3)?
8
Let l = 9 - 2. Let j = l - 10. Let i = 4 - j. What is the units digit of i?
7
Let n = -9 - -19. What is the units digit of n?
0
Let x(v) = v**2 + 2*v. Suppose 0 = -5*a + r + r + 2, -14 = -a - 3*r. What is the units digit of x(a)?
8
Suppose -v - 2*v - 24 = -4*l, -l = -v - 7. Suppose -l*u + 3*s = -15, -u + 3*s = s - 7. Let j = -1 + u. What is the units digit of j?
2
Suppose 0*a + 2*a - 10 = 0. Suppose 0 = -0*n - 4*n + a*y + 165, 165 = 5*n + 2*y. What is the tens digit of n?
3
Let y(i) = i - 19. Suppose 0 = x + x. Let r be y(x). Let w = r - -38. What is the units digit of w?
9
Suppose -3*d + 5*d = 3*k + 4, 2*k = 2*d - 6. Let x be (-2)/8*2*-4. What is the units digit of 3/x*4/k?
3
Let p be 8/(-8)*-1*13. Let w = p + -9. What is the units digit of w?
4
Let l be -1 + (1 - 3) + 0. Let b be (-6)/(-9)*1*l. What is the units digit of (5/b)/((-4)/8)?
5
Let s(q) = 0*q + 2*q + 3*q. Let d be s(4). Let w = 30 - d. What is the units digit of w?
0
Let h = -17 - -34. Let i = 25 - h. Let f = 15 - i. What is the units digit of f?
7
Let x(g) = -g - 4. Let k = 15 - 20. What is the units digit of x(k)?
1
Let g be ((-1)/(-2))/((-3)/(-30)). Suppose 0 = -g*o + 5*n + 25, -3*o + 2*o + 2*n + 3 = 0. What is the units digit of o?
7
Let k(l) = l**3 - 2*l**2 - l + 7. What is the units digit of k(5)?
7
Suppose -l - 3*v + 46 = 0, v + 169 = 4*l - 2*v. Suppose -q - 2*y = -18, -q + 3*q - 3*y - l = 0. What is the tens digit of q?
2
Suppose -p + 4*j = -34, 2*p + 2*j = 4*j + 86. What is the tens digit of p?
4
Let k be -25 + 3 + -1 + 1. Let j = k - -39. What is the tens digit of j?
1
Let m be -1 + 2/(-2)*3. What is the tens digit of 14*((-14)/m + -2)?
2
Let j(g) = g**3 - g**2 + 3. Let m = 4 - 2. Suppose -m*w - 2*w = 0. What is the units digit of j(w)?
3
Let b(s) = -s**2 + 7*s - 2. Let x be b(7). Let u = x + 10. What is the units digit of u?
8
Let o(p) = -p. Let s be o(-1). Let h = s - 0. What is the units digit of h/((-1 - -2) + 0)?
1
Let q = 4 - 2. Suppose 4*t + 29 = 3*n, q*t - 32 = -4*n + 6*t. Let y = n - 1. What is the units digit of y?
2
Suppose 14 = u + u. What is the units digit of u?
7
Let c = 2 + 3. Suppose a - 50 = 2*r - 3*a, 4*r = -c*a - 35. Let l = 25 + r. What is the units digit of l?
0
Let l = 2 - 7. Let p = l - -8. What is the units digit of p?
3
Let d = -13 - -22. Let g = d + 12. What is the tens digit of g?
2
Suppose -3*x = -0*x + 4*f - 16, f + 10 = x. What is the units digit of x?
8
Let o = -4 + 1. Let b = 3 + o. Suppose 3*f = -2*t + 6*t - 9, b = 4*t - 4*f - 4. What is the units digit of t?
6
Suppose -5*w + 144 = -2*w. What is the tens digit of w?
4
What is the tens digit of 1/(-2)*(-290)/5?
2
Let l be (268/(-6))/((-4)/6). Let d = -40 + l. What is the units digit of d?
7
Suppose 9*u = -3*u + 3600. What is the tens digit of u?
0
Suppose 0 = -0*i - i + 2. Suppose -76 = -5*h + h - 5*m, i*h + 2*m = 36. What is the tens digit of h?
1
Suppose -3*f + 2*f - 4 = 0. Let l = 18 - f. Suppose -3*t + l = 5*v, 2*v - 5*t + 24 = 4*v. What is the units digit of v?
2
Suppose -4*f = -0*f - 4. What is the tens digit of -1 - -15 - (f - 1)?
1
Let q be (-2)/9 + (-158)/18. Let s be (2 + q/6)*-4. Let o(l) = -5*l + 2. What is the tens digit of o(s)?
1
Let z(s) = 1 - 6 + 5*s**2 - 1 + s**3 - 7*s + 0*s**3. Let h be z(-6). Suppose h = -f + 1 + 2. What is the units digit of f?
3
Suppose 2*u = 3*u - 38. What is the tens digit of u?
3
Suppose -h - 9 = -29. What is the tens digit of h?
2
Let h(y) = 2*y - 2. Let x be h(2). Let b be (12/(-15))/(x/(-5)). Suppose -4*t + 8*t = -4, d = -b*t + 1. What is the units digit of d?
3
Let j = -4 - -1. What is the units digit of j/(-12) + (-172)/(-16)?
1
Suppose 3*o + 1 = 13. What is the tens digit of o/6 + (-40)/(-3)?
1
Let i(y) = -3*y + 2. Let p be i(-1). What is the tens digit of 67/p + (-26)/65?
1
Let z(p) = 39*p. Let u be z(2). Suppose -u = -3*d + d. What is the tens digit of d?
3
Suppose 0 = -9*r + 4*r + 1290. What is the units digit of r?
8
Suppose -4*h = 0, 4*h + 29 = 4*n + 1. Suppose n*m = 4*m + 33. What is the units digit of m?
1
Suppose 0 = -b - 0*b + 6. Let h = b - 5. What is the units digit of h?
1
Let v = 10 + -13. Let y be v*1*(-1 + 0). Suppose -41 = -y*t - 8. What is the tens digit of t?
1
Let c = 17 - 12. Suppose -c = -o - 4*o. Let w(p) = 4*p**3 - p**2 - p + 1. What is the units digit of w(o)?
3
Suppose -4*z + 9*z - 220 = 0. What is the units digit of z?
4
Let q(z) be the second derivative of z**4/12 + 2*z**3/3 + 3*z**2/2 + 2*z. Let b be q(-4). What is the units digit of 2/6 - (-26)/b?
9
Let y be (-6)/(-3) - 0 - 2. Suppose y = -2*a + 20 - 2. Let o(t) = -t**2 + 10*t - 8. What is the units digit of o(a)?
1
Let p(b) = 10*b + 4. What is the units digit of p(3)?
4
Let y = -168 - -258. What is the tens digit of y?
9
Suppose 5*i = -3*c - 328, 5*i = i + 2*c - 280. Let s = i + 105. What is the units digit of s?
7
Suppose -6*c = -3*c - 72. What is the units digit of c?
4
Suppose 8 + 2 = 2*p. Suppose 5*u + 5*t - 40 = u, t = p*u - 79. What is the tens digit of u?
1
Let t be 6/(-10) + 24/(-10). What is the units digit of t/((-18)/(-10))*-3?
5
Suppose -w = 2*r - 10, r = 2*w - 4*r + 16. Suppose -3*j + 5*x = -0*j + 3, -9 = -3*x. What is the units digit of w/((1 - 0)/j)?
8
Let n(f) = -3*f**2 - 3 + 4*f**2 + 0*f**2 + 2*f. Let k be n(2). Suppose 0 = 3*q - 3*m - 6, k*q + 4*m = -14 + 60. What is the units digit of q?
6
Let b(h) = -h**3 + 4*h**2 - 5*h + 5. Let g be b(4). Let a be 15/2*(-10)/g. Suppose -a*v + 7 - 2 = 0. What is the units digit of v?
1
Let p(r) = 12*r**2 - 2*r - 1. Let j be 2*(10/(-4) + 2). Let a be p(j). Let c = a - 6. What is the units digit of c?
7
Suppose 5*a - 4 - 16 = 0. Let b(p) = 6*p + 5. What is the tens digit of b(a)?
2
Suppose 44*w + 770 = 49*w. What is the units digit of w?
4
Let j(u) = 7*u**3 - u**2 - 2. What is the units digit of j(2)?
0
Let n(w) = w**3 + 10*w**2 - 4*w + 8. Let z be n(-10). Suppose 5*q + 3*a = z + 91, -q = 2*a - 32. What is the tens digit of q?
2
Suppose -4 = -5*g + 6. Let k be (1/g)/((-1)/(-12)). Let z = k + 4. What is the tens digit of z?
1
Let c = -4 + 10. What is the tens digit of ((-22)/(-6))/(2/c)?
1
Let w(o) = 12*o**2 - 3*o - 11. What is the hundreds digit of w(-4)?
1
Suppose -3*k + 114 = 30. What is the units digit of k?
8
Suppose 7 - 9 = f. What is the units digit of -4*(-1)/(f + 3)?
4
Suppose w + 6 + 0 = 0. Let i = w - -2. What is the units digit of (1*-4)/(2/i)?
8
Let l be (-3 - 1)*6/12. Let m = 2 + l. Suppose m = p - 2*p + 20. What is the units digit of p?
0
Suppose 3*j = -5*s + 615, 2*s + 3*j = 6*s - 465. What is the units digit of s?
0
Let g be (-2)/(1 + 1) - 25. Let m = -11 - g. What is the tens digit of m?
1
Suppose 2 + 31 = -5*d + l, 2*l = 4*d + 30. What is the units digit of d/(-18) - 4/(-6)?
1
Let i(p) = p**2 + 2*p + 95. Let g be i(0). Suppose -3*v - 15 = 0, 0*v + g = 5*c - v. What is the units digit of c?
8
Let x(z) = 23*z**2 + z. Let b be 0 + (-3)/(0 - 3). What is the units digit of x(b)?
4
Suppose 2*d - 6 = -4*y, -2*y + 3*d = 8*d + 1. Suppose 3*p - 8*p = -170. Suppose 0 = -4*j + 2*x + 50 + 6, -y*j + 4*x = -p. What is the tens digit of j?
1
Suppose -2*f + 46 - 14 = 0. Suppose 16 = 4*d - f. What is the units digit of d?
8
Let j(a) = -a + 2. Let b be j